(r) = 3617*r + 53403. What is x(-15)?
-852
Let o(l) = -412*l - 140811. Determine o(-342).
93
Let l(x) = 2*x**3 - 16*x**2 + 17619*x - 123236. Give l(7).
-1
Let x(j) = -631575*j + 2526305. Determine x(4).
5
Let m(d) = 43*d**3 - 39*d**2 - 37*d + 49. Determine m(-2).
-377
Let u(p) = -19*p**2 - 476*p + 2825. Give u(6).
-715
Let g(j) = 1250*j - 16352. Give g(13).
-102
Let b(p) = 3*p**3 - 170*p**2 + 427*p - 131. Calculate b(54).
-401
Let v(h) = 766*h - 9788. Calculate v(13).
170
Let u(r) = 151*r**2 - 99658*r - 1361. Determine u(660).
-41
Let l(u) = 220392*u - 220425. Calculate l(1).
-33
Let u(i) = -i**3 - 603*i**2 - 7067*i + 14795. Give u(-591).
20
Let g(y) = -463143*y + 24083440. Calculate g(52).
4
Let l(j) = -9294*j - 102302. Calculate l(-11).
-68
Let q(f) = 46955*f + 892152. Determine q(-19).
7
Let y(s) = -3*s - 686. Calculate y(-121).
-323
Let u(q) = -25364*q - 583367. Calculate u(-23).
5
Let r(i) = 117804*i - 1295848. Determine r(11).
-4
Let q(y) = y**2 - 77*y - 4167. Calculate q(-38).
203
Let m(r) = -1133*r - 65732. Determine m(-58).
-18
Let r(v) = 3*v**3 - 577*v**2 - 158521*v - 1974. What is r(-153)?
15
Let x(w) = w**3 + 64*w**2 + 204*w - 423. What is x(-5)?
32
Let i(y) = 222*y**2 + 173*y + 30. Give i(-1).
79
Let a(l) = -312*l + 45079. Give a(146).
-473
Let l(w) = 550*w + 41793. What is l(-76)?
-7
Let w(j) = j**2 + 287758*j - 4. What is w(0)?
-4
Let g(h) = -2*h**2 - 1585*h - 202420. Determine g(-160).
-20
Let y(f) = -29*f**2 - 1300*f + 4402. Determine y(-48).
-14
Let h(p) = 2*p**3 - 141*p**2 - 232*p + 1177. Calculate h(72).
25
Let a(b) = -4*b**3 - 1862*b**2 - 37340*b - 36. Give a(-21).
6
Let k(x) = -x**2 - 12*x + 33. Give k(34).
-1531
Let g(m) = m**3 - 14*m**2 + 60*m - 188. What is g(10)?
12
Let l(q) = 20*q**3 + 197*q**2 + 16*q + 124. Calculate l(-10).
-336
Let j(h) = -h**2 + 11*h + 707. What is j(-17)?
231
Let d(i) = 13*i**2 + 11249*i + 33636. Give d(-3).
6
Let a(n) = -13*n**3 - 3*n**2 + 19*n + 58. Determine a(-3).
325
Let f(i) = 422*i + 9861. Determine f(-16).
3109
Let x(h) = 1112*h**2 - 162378*h + 3798. Determine x(146).
2
Let n(h) = 4*h**3 - 120*h**2 + 3*h + 1234. Calculate n(31).
5171
Let i(p) = 9*p**3 + 180*p**2 + 15*p + 295. Give i(-20).
-5
Let m(p) = 3506*p - 42082. Give m(12).
-10
Let l(k) = -10*k**2 + 16*k + 84. Calculate l(6).
-180
Let a(m) = -2*m**2 + 103*m - 103. What is a(1)?
-2
Let g(u) = -2361*u + 21169. Determine g(9).
-80
Let i(q) = 7*q**3 - 126*q**2 - 149*q + 2633. Calculate i(18).
-49
Let s(p) = -8*p**2 - 588*p - 10571. Give s(-34).
173
Let u(t) = -3*t**2 - 7443*t - 125669. Determine u(-17).
-5
Let u(a) = -26833*a - 53663. Give u(-2).
3
Let z(d) = -2*d**3 + 80*d**2 - 149*d - 51. Calculate z(38).
63
Let c(u) = 2*u**3 + 22*u**2 + 10*u + 189. Give c(-17).
-3449
Let s(j) = 4*j**3 - 642*j**2 - 325*j + 611. Give s(161).
128
Let s(w) = -2*w**2 - 2845*w - 42451. Determine s(-15).
-226
Let h(u) = -u**3 + 29*u**2 - 24*u - 2573. Give h(23).
49
Let s(g) = -76673*g + 613418. Give s(8).
34
Let q(b) = -2*b**2 + 8*b + 624. Calculate q(-19).
-250
Let r(t) = 4*t**3 - 85*t**2 + 240*t + 32. Give r(17).
-801
Let s(n) = -105*n**3 + 827*n**2 - 5*n - 51. What is s(8)?
-923
Let j(s) = 6*s**2 - 67*s + 216. What is j(19)?
1109
Let y(m) = -6580613*m - 39483676. Calculate y(-6).
2
Let d(u) = -u**3 + 15*u**2 + 1067*u - 57. What is d(41)?
-16
Let x(m) = -2*m**3 + 19*m**2 + 161*m - 481. Give x(-7).
9
Let o(w) = -65*w**2 - 10117*w + 3575. Calculate o(-156).
-13
Let p(i) = -83*i**2 + 4585*i - 50090. Calculate p(15).
10
Let h(k) = 982*k + 237651. Calculate h(-242).
7
Let m(j) = -1888*j + 456871. Calculate m(242).
-25
Let j(q) = -q**3 - 48*q**2 - 464*q + 3218. What is j(-23)?
665
Let x(c) = -46*c**2 - 632*c - 413. Calculate x(-13).
29
Let s(j) = -j**3 - 327*j**2 + 1039*j + 15819. Give s(-330).
-351
Let j(w) = w**3 - 212*w**2 + 838*w - 382. Give j(208).
866
Let w(r) = 27*r**2 - 291*r - 58. What is w(11)?
8
Let k(s) = 449*s - 101840. Give k(227).
83
Let s(q) = q**3 + 194*q**2 + 1398*q + 16. Calculate s(-8).
736
Let i(p) = 2*p**3 - 23*p**2 + 84*p - 578. What is i(14)?
1578
Let d(i) = -2*i**3 - 220*i**2 - 6036*i + 315. What is d(-53)?
-3
Let z(j) = -159*j**3 + 43*j**2 + 38*j - 1. Determine z(-1).
163
Let p(x) = -x**3 + 22*x**2 + 102*x - 588. Determine p(26).
-640
Let u(b) = 182*b - 1673. Calculate u(11).
329
Let w(f) = 309125*f**2 + 3091251*f + 1. Calculate w(-10).
-9
Let y(d) = -2*d**3 + 285*d**2 + 1204*d + 230. Determine y(-4).
102
Let p(v) = -3*v**2 - 1471*v - 32117. Calculate p(-23).
129
Let r(h) = -h**2 - 484*h + 939433. Calculate r(757).
-4
Let j(b) = 637793*b + 637800. Calculate j(-1).
7
Let u(c) = 15244*c + 320167. What is u(-21)?
43
Let t(h) = 6*h**2 - 140*h + 930. Give t(7).
244
Let t(d) = -5133*d - 35943. Calculate t(-7).
-12
Let q(v) = 3131*v - 153307. Calculate q(49).
112
Let i(p) = p**3 + 30*p**2 - 10*p - 472. What is i(-32)?
-2200
Let k(h) = 75375*h + 302298. What is k(-4)?
798
Let x(q) = -q**3 - 240*q**2 - 228*q + 2582. Calculate x(-239).
-47
Let z(f) = 2410*f + 48521. Give z(-20).
321
Let f(t) = 4*t**3 + 168*t**2 - 39*t - 409. Determine f(-42).
1229
Let a(z) = -221879*z + 59907339. What is a(270)?
9
Let a(s) = -587506*s + 7637582. Determine a(13).
4
Let o(s) = -s**2 + 2971*s + 83948. Give o(-28).
-24
Let z(p) = 2*p**2 - 95*p + 467. Calculate z(33).
-490
Let u(z) = -z**3 - 7*z**2 + 63*z - 74. Calculate u(-14).
416
Let n(r) = 9*r**2 - 2889*r - 8650. What is n(-3)?
98
Let w(s) = 17*s**2 - 2576*s + 2562. Determine w(1).
3
Let x(o) = 4*o**2 - 1431*o + 21504. Calculate x(342).
-42
Let b(d) = -115*d - 9364. Calculate b(-90).
986
Let h(g) = -89*g**2 - 5950*g - 52. Calculate h(-67).
-923
Let x(c) = -2*c**2 - 263*c - 1162. What is x(-127)?
-19
Let a(s) = -4902*s + 1264741. Give a(258).
25
Let d(h) = 4*h**3 - h**2 - 558*h + 1115. Give d(2).
27
Let y(c) = 3*c**2 + 230*c + 2300. Determine y(-65).
25
Let z(c) = 298*c**2 + 9547*c + 344. What is z(-32)?
-8
Let n(o) = -1056*o - 7654. Calculate n(-7).
-262
Let q(s) = 149*s - 6696. Determine q(45).
9
Let d(c) = -740*c + 5839. What is d(8)?
-81
Let x(y) = 899*y - 5094. What is x(5)?
-599
Let c(j) = 6020*j**2 + 42109*j - 7. What is c(-7)?
210
Let z(c) = -388*c**2 + 1169*c + 42. Determine z(3).
57
Let n(w) = -w**3 + 2539*w**2 - 92578*w + 78. Give n(37).
-70
Let d(w) = -31696*w + 95084. What is d(3)?
-4
Let p(k) = 2*k**3 + 7*k**2 - 211*k - 848. What is p(-4)?
-20
Let b(t) = -36*t**2 - 1532*t - 4942. Determine b(-39).
50
Let x(y) = -7*y**2 - 294*y + 2420. Calculate x(7).
19
Let q(v) = -v**3 - 85*v**2 - 1671*v - 8770. What is q(-17)?
-15
Let s(b) = -17397*b + 69628. Give s(4).
40
Let x(p) = p**3 - 27*p**2 + 186*p - 22. Give x(17).
250
Let i(m) = 16393*m - 852432. Determine i(52).
4
Let x(s) = 133*s - 1337. Determine x(24).
1855
Let h(x) = 24034*x + 24008. Calculate h(-1).
-26
Let y(w) = -336*w**2 - 49047*w + 1326. What is y(-146)?
12
Let z(s) = -5*s**3 - 804*s**2 + 175*s + 992. Calculate z(-161).
-1262
Let n(j) = 113*j**2 + 13810*j + 2912. Determine n(-122).
-16
Let b(l) = 18*l**2 + 11428*l - 1319. Give b(-635).
-49
Let c(d) = -20*d**3 + 113*d**2 - 149*d - 12. Determine c(3).
18
Let m(b) = 9*b**2 + 1621*b - 6559. Calculate m(4).
69
Let k(b) = 8*b**2 - 195*b - 47208. Calculate k(90).
42
Let u(q) = -q**2 + 233*q - 13555. What is u(132)?
-223
Let j(i) = -134*i**2 - 48749*i + 9853. Calculate j(-364).
25
Let h(a) = -2*a**3 - 56*a**2 - 60*a - 118. Determine h(-27).
44
Let u(w) = w**2 - 3710*w + 581536. Give u(164).
-8
Let g(f) = 2387*f + 7361. Give g(-3).
200
Let i(a) = 27*a**2 + 744*a - 2299. Give i(3).
176
Let f(z) = -z**3 + 19*z**2 - 48*z + 177. Give f(14).
485
Let y(h) = h**3 - 8*h**2 + 443*h - 3447. Determine y(8).
97
Let a(o) = 1631085*o + 13048681. What is a(-8)?
1
Let y(n) = n**2 + 74*n - 2320. Give y(-99).
155
Let q(n) = -n**3 - 31*n**2 - 62*n - 538. Calculate q(-30).
422
Let j(y) = y**3 - 114*y**2 + 242*y - 208. Calculate j(112).
1808
Let o(m) = -170*m - 11137. What is o(-65)?
-87
Let t(c) = 678*c - 66430. Give t(98).
14
Let m(q) = -q**3 - 71*q**2 - 1047*q - 1128. Determine m(-19).
-7
Let y(m) = -155844*m - 4675315. Give y(-30).
5
Let w(d) = d**2 - 180*d + 6750. Determine w(70).
-950
Let z(g) = -g**2 - 421*g - 1752. Determine z(-4).
-84
Let b(f) = 353*f + 21113. What is b(-60)?
-67
Let t(h) = -h**2 + 2753*h - 30